{"id":174,"date":"2019-04-22T19:33:59","date_gmt":"2019-04-22T17:33:59","guid":{"rendered":"http:\/\/www.air-promenade.com\/site\/?page_id=174"},"modified":"2022-03-08T08:22:29","modified_gmt":"2022-03-08T07:22:29","slug":"services-sheraton","status":"publish","type":"page","link":"https:\/\/www.airpromenade.com\/site\/services-sheraton\/","title":{"rendered":"Sheraton"},"content":{"rendered":"<p>[et_pb_section fb_built=\u00a0\u00bb1&Prime; fullwidth=\u00a0\u00bbon\u00a0\u00bb _builder_version=\u00a0\u00bb3.0.47&Prime;][et_pb_fullwidth_image src=\u00a0\u00bbhttps:\/\/www.airpromenade.com\/site\/wp-content\/uploads\/2019\/04\/ima-entete-sheraton-fr.jpg\u00a0\u00bb _builder_version=\u00a0\u00bb3.19.4&Prime;][\/et_pb_fullwidth_image][\/et_pb_section][et_pb_section fb_built=\u00a0\u00bb1&Prime; _builder_version=\u00a0\u00bb3.0.47&Prime;][et_pb_row _builder_version=\u00a0\u00bb3.19.4&Prime; animation_style=\u00a0\u00bbfade\u00a0\u00bb][et_pb_column type=\u00a0\u00bb1_5&Prime; _builder_version=\u00a0\u00bb3.0.47&Prime; parallax=\u00a0\u00bboff\u00a0\u00bb parallax_method=\u00a0\u00bbon\u00a0\u00bb][\/et_pb_column][et_pb_column type=\u00a0\u00bb3_5&Prime; _builder_version=\u00a0\u00bb3.0.47&Prime; parallax=\u00a0\u00bboff\u00a0\u00bb parallax_method=\u00a0\u00bbon\u00a0\u00bb][et_pb_text _builder_version=\u00a0\u00bb3.19.4&Prime; header_font=\u00a0\u00bbMontserrat|||on|||||\u00a0\u00bb header_font_size=\u00a0\u00bb24px\u00a0\u00bb header_line_height=\u00a0\u00bb1.4em\u00a0\u00bb]<\/p>\n<h1>L\u2019ACC\u00c8S PRIVIL\u00c9GI\u00c9 AUX SERVICES SUR MESURE<br \/><span style=\"color: #009dc5;\">DU SHERATON HOTEL<\/span><\/h1>\n<p>[\/et_pb_text][et_pb_text _builder_version=\u00a0\u00bb3.19.4&Prime; text_font=\u00a0\u00bbDroid Sans||||||||\u00a0\u00bb custom_margin=\u00a0\u00bb||10px|\u00a0\u00bb custom_padding=\u00a0\u00bb||0px|\u00a0\u00bb]<\/p>\n<p style=\"text-align: justify;\">Le Sheraton Hotel offre aux occupants des bureaux des services incomparables !<br \/>Ils sont assur\u00e9s de recevoir un accueil de tr\u00e8s haut niveau.<\/p>\n<p>[\/et_pb_text][et_pb_text _builder_version=\u00a0\u00bb3.19.4&Prime; text_font=\u00a0\u00bbDroid Sans||||||||\u00a0\u00bb custom_margin=\u00a0\u00bb||10px|\u00a0\u00bb custom_padding=\u00a0\u00bb0px|||\u00a0\u00bb]<\/p>\n<p><strong><span style=\"color: #009dc5;\">\u203a Un centre de conf\u00e9rence<\/span><\/strong> avec 7 salles de r\u00e9union adapt\u00e9es \u00e0 vos besoins.<\/p>\n<p>[\/et_pb_text][et_pb_text _builder_version=\u00a0\u00bb3.19.4&Prime; text_font=\u00a0\u00bbDroid Sans||||||||\u00a0\u00bb custom_margin=\u00a0\u00bb||10px|\u00a0\u00bb custom_padding=\u00a0\u00bb0px|||\u00a0\u00bb]<\/p>\n<p><strong><span style=\"color: #009dc5;\">\u203a Une salle de r\u00e9ception<\/span><\/strong> de 320 places pour l\u2019organisation de vos \u00e9v\u00e9nements.<\/p>\n<p>[\/et_pb_text][et_pb_text _builder_version=\u00a0\u00bb3.19.4&Prime; text_font=\u00a0\u00bbDroid Sans||||||||\u00a0\u00bb custom_margin=\u00a0\u00bb||10px|\u00a0\u00bb custom_padding=\u00a0\u00bb0px|||\u00a0\u00bb]<\/p>\n<p><strong><span style=\"color: #009dc5;\">\u203a Une offre de restauration<\/span><\/strong> de grande qualit\u00e9 : petit-d\u00e9jeuner buffet, d\u00e9jeuner en terrasse avec des sp\u00e9cialit\u00e9s l\u00e9g\u00e8res ou aventure gastronomique, toutes les formules sont possibles.<\/p>\n<p>[\/et_pb_text][et_pb_text _builder_version=\u00a0\u00bb3.19.4&Prime; text_font=\u00a0\u00bbDroid Sans||||||||\u00a0\u00bb custom_margin=\u00a0\u00bb||10px|\u00a0\u00bb custom_padding=\u00a0\u00bb0px|||\u00a0\u00bb]<\/p>\n<p style=\"text-align: justify;\"><strong><span style=\"color: #009dc5;\">\u203a Un bar sur le to\u00eet<\/span><\/strong> pour un moment relaxant dans un cadre convivial \u00e0 l\u2019\u00e9cart de l\u2019agitation.<\/p>\n<p>[\/et_pb_text][et_pb_text _builder_version=\u00a0\u00bb3.19.4&Prime; custom_padding=\u00a0\u00bb40px|||\u00a0\u00bb]<\/p>\n<p><img decoding=\"async\" loading=\"lazy\" class=\"aligncenter wp-image-178\" src=\"https:\/\/www.airpromenade.com\/site\/wp-content\/uploads\/2019\/04\/logo-sheraton-300x250.png\" alt=\"\" width=\"250\" height=\"208\" srcset=\"https:\/\/www.airpromenade.com\/site\/wp-content\/uploads\/2019\/04\/logo-sheraton-300x250.png 300w, https:\/\/www.airpromenade.com\/site\/wp-content\/uploads\/2019\/04\/logo-sheraton.png 400w\" sizes=\"(max-width: 250px) 100vw, 250px\" \/><\/p>\n<p>[\/et_pb_text][\/et_pb_column][et_pb_column type=\u00a0\u00bb1_5&Prime; _builder_version=\u00a0\u00bb3.0.47&Prime; parallax=\u00a0\u00bboff\u00a0\u00bb parallax_method=\u00a0\u00bbon\u00a0\u00bb][\/et_pb_column][\/et_pb_row][\/et_pb_section][et_pb_section fb_built=\u00a0\u00bb1&Prime; _builder_version=\u00a0\u00bb3.19.4&Prime; background_color=\u00a0\u00bb#009dc5&Prime; custom_padding=\u00a0\u00bb20px||20px|\u00a0\u00bb][et_pb_row _builder_version=\u00a0\u00bb3.0.48&Prime; background_size=\u00a0\u00bbinitial\u00a0\u00bb background_position=\u00a0\u00bbtop_left\u00a0\u00bb background_repeat=\u00a0\u00bbrepeat\u00a0\u00bb][et_pb_column type=\u00a0\u00bb1_4&Prime; _builder_version=\u00a0\u00bb3.0.47&Prime; parallax=\u00a0\u00bboff\u00a0\u00bb parallax_method=\u00a0\u00bbon\u00a0\u00bb][et_pb_text _builder_version=\u00a0\u00bb3.19.4&Prime; text_font=\u00a0\u00bbMontserrat|500|||||||\u00a0\u00bb text_text_color=\u00a0\u00bb#ffffff\u00a0\u00bb background_layout=\u00a0\u00bbdark\u00a0\u00bb]<\/p>\n<p><a style=\"text-decoration: none; color: #ffffff;\" href=\"https:\/\/www.airpromenade.com\/site\/presentation\">PR\u00c9SENTATION<\/a><br \/><a style=\"text-decoration: none; color: #ffffff;\" href=\"https:\/\/www.airpromenade.com\/site\/promenade-des-anglais\/\">PROMENADE DES ANGLAIS<\/a><br \/><a style=\"text-decoration: none; color: #ffffff;\" href=\"https:\/\/www.airpromenade.com\/site\/environnement-de-business\/\">ENVIRONNEMENT DE BUSINESS<\/a><br \/><a style=\"text-decoration: none; color: #ffffff;\" href=\"https:\/\/www.airpromenade.com\/site\/location-de-bureaux\/\">BUREAUX<\/a><br \/><a style=\"text-decoration: none; color: #ffffff;\" href=\"https:\/\/www.airpromenade.com\/site\/services-sheraton\/\">SHERATON<\/a><br \/><a style=\"text-decoration: none; color: #ffffff;\" href=\"https:\/\/www.airpromenade.com\/site\/contact\/\">CONTACT<\/a><br \/><a style=\"text-decoration: none; color: #ffffff;\" href=\"https:\/\/www.airpromenade.com\/site\/acces\/\">ACC\u00c8S<\/a><\/p>\n<p>[\/et_pb_text][\/et_pb_column][et_pb_column type=\u00a0\u00bb1_4&Prime; _builder_version=\u00a0\u00bb3.0.47&Prime; parallax=\u00a0\u00bboff\u00a0\u00bb parallax_method=\u00a0\u00bbon\u00a0\u00bb][\/et_pb_column][et_pb_column type=\u00a0\u00bb1_4&Prime; _builder_version=\u00a0\u00bb3.0.47&Prime; parallax=\u00a0\u00bboff\u00a0\u00bb parallax_method=\u00a0\u00bbon\u00a0\u00bb][\/et_pb_column][et_pb_column type=\u00a0\u00bb1_4&Prime; _builder_version=\u00a0\u00bb3.0.47&Prime; parallax=\u00a0\u00bboff\u00a0\u00bb parallax_method=\u00a0\u00bbon\u00a0\u00bb][et_pb_text _builder_version=\u00a0\u00bb3.19.4&Prime;]<\/p>\n<p><a href=\"https:\/\/www.airpromenade.com\/site\/\"><img decoding=\"async\" loading=\"lazy\" class=\"alignnone wp-image-36 size-full\" src=\"https:\/\/www.airpromenade.com\/site\/wp-content\/uploads\/2019\/04\/logo-bleu-footer.jpg\" alt=\"\" width=\"380\" height=\"178\" srcset=\"https:\/\/www.airpromenade.com\/site\/wp-content\/uploads\/2019\/04\/logo-bleu-footer.jpg 380w, https:\/\/www.airpromenade.com\/site\/wp-content\/uploads\/2019\/04\/logo-bleu-footer-300x141.jpg 300w\" sizes=\"(max-width: 380px) 100vw, 380px\" \/><\/a><\/p>\n<p>[\/et_pb_text][\/et_pb_column][\/et_pb_row][et_pb_row custom_padding=\u00a0\u00bb5px||5px|\u00a0\u00bb _builder_version=\u00a0\u00bb3.19.4&Prime;][et_pb_column type=\u00a0\u00bb4_4&Prime; _builder_version=\u00a0\u00bb3.0.47&Prime; parallax=\u00a0\u00bboff\u00a0\u00bb parallax_method=\u00a0\u00bbon\u00a0\u00bb][et_pb_text _builder_version=\u00a0\u00bb3.19.4&Prime; text_font=\u00a0\u00bbMontserrat|500||on|||||\u00a0\u00bb text_text_color=\u00a0\u00bb#ffffff\u00a0\u00bb text_font_size=\u00a0\u00bb10px\u00a0\u00bb background_layout=\u00a0\u00bbdark\u00a0\u00bb]tous droits r\u00e9serv\u00e9s &#8211; visuels non contractuels &#8211; <a href=\"https:\/\/www.airpromenade.com\/site\/mentions-legales\/\" style=\"text-decoration:none; color: #ffffff;\">mentions l\u00e9gales<\/a><br \/>\n[\/et_pb_text][\/et_pb_column][\/et_pb_row][\/et_pb_section][et_pb_section fb_built=\u00a0\u00bb1&Prime; _builder_version=\u00a0\u00bb3.19.4&Prime; custom_margin=\u00a0\u00bb0px||0px\u00a0\u00bb custom_padding=\u00a0\u00bb0px||0px\u00a0\u00bb collapsed=\u00a0\u00bboff\u00a0\u00bb][et_pb_row use_custom_width=\u00a0\u00bbon\u00a0\u00bb custom_width_px=\u00a0\u00bb1400px\u00a0\u00bb custom_padding=\u00a0\u00bb0px|||\u00a0\u00bb custom_margin=\u00a0\u00bb0px|||\u00a0\u00bb _builder_version=\u00a0\u00bb3.19.4&Prime; module_alignment=\u00a0\u00bbcenter\u00a0\u00bb][et_pb_column type=\u00a0\u00bb4_4&Prime; _builder_version=\u00a0\u00bb3.0.47&Prime; parallax=\u00a0\u00bboff\u00a0\u00bb parallax_method=\u00a0\u00bbon\u00a0\u00bb][et_pb_text _builder_version=\u00a0\u00bb3.19.4&Prime; text_orientation=\u00a0\u00bbcenter\u00a0\u00bb]<img decoding=\"async\" loading=\"lazy\" class=\"alignnone size-full wp-image-681\" src=\"https:\/\/www.airpromenade.com\/site\/wp-content\/uploads\/2020\/01\/log-foot1200-01.png\" alt=\"\" width=\"492\" height=\"123\" srcset=\"https:\/\/www.airpromenade.com\/site\/wp-content\/uploads\/2020\/01\/log-foot1200-01.png 492w, https:\/\/www.airpromenade.com\/site\/wp-content\/uploads\/2020\/01\/log-foot1200-01-300x75.png 300w\" sizes=\"(max-width: 492px) 100vw, 492px\" \/><img decoding=\"async\" loading=\"lazy\" class=\"alignnone size-full wp-image-682\" src=\"https:\/\/www.airpromenade.com\/site\/wp-content\/uploads\/2020\/01\/log-foot1200-02.png\" alt=\"\" width=\"470\" height=\"123\" srcset=\"https:\/\/www.airpromenade.com\/site\/wp-content\/uploads\/2020\/01\/log-foot1200-02.png 470w, https:\/\/www.airpromenade.com\/site\/wp-content\/uploads\/2020\/01\/log-foot1200-02-300x79.png 300w\" sizes=\"(max-width: 470px) 100vw, 470px\" \/><img decoding=\"async\" loading=\"lazy\" class=\"alignnone size-full wp-image-683\" src=\"https:\/\/www.airpromenade.com\/site\/wp-content\/uploads\/2020\/01\/log-foot1200-03.png\" alt=\"\" width=\"239\" height=\"123\"><br \/>\n[\/et_pb_text][\/et_pb_column][\/et_pb_row][\/et_pb_section]<\/p>\n","protected":false},"excerpt":{"rendered":"<p>[et_pb_section fb_built=\u00a0\u00bb1&Prime; fullwidth=\u00a0\u00bbon\u00a0\u00bb _builder_version=\u00a0\u00bb3.0.47&Prime;][et_pb_fullwidth_image src=\u00a0\u00bbhttps:\/\/www.airpromenade.com\/site\/wp-content\/uploads\/2019\/04\/ima-entete-sheraton-fr.jpg\u00a0\u00bb _builder_version=\u00a0\u00bb3.19.4&Prime;][\/et_pb_fullwidth_image][\/et_pb_section][et_pb_section fb_built=\u00a0\u00bb1&Prime; _builder_version=\u00a0\u00bb3.0.47&Prime;][et_pb_row _builder_version=\u00a0\u00bb3.19.4&Prime; animation_style=\u00a0\u00bbfade\u00a0\u00bb][et_pb_column type=\u00a0\u00bb1_5&Prime; _builder_version=\u00a0\u00bb3.0.47&Prime; parallax=\u00a0\u00bboff\u00a0\u00bb parallax_method=\u00a0\u00bbon\u00a0\u00bb][\/et_pb_column][et_pb_column type=\u00a0\u00bb3_5&Prime; _builder_version=\u00a0\u00bb3.0.47&Prime; parallax=\u00a0\u00bboff\u00a0\u00bb parallax_method=\u00a0\u00bbon\u00a0\u00bb][et_pb_text _builder_version=\u00a0\u00bb3.19.4&Prime; header_font=\u00a0\u00bbMontserrat|||on|||||\u00a0\u00bb header_font_size=\u00a0\u00bb24px\u00a0\u00bb header_line_height=\u00a0\u00bb1.4em\u00a0\u00bb] L\u2019ACC\u00c8S PRIVIL\u00c9GI\u00c9 AUX SERVICES SUR MESUREDU SHERATON HOTEL [\/et_pb_text][et_pb_text _builder_version=\u00a0\u00bb3.19.4&Prime; text_font=\u00a0\u00bbDroid Sans||||||||\u00a0\u00bb custom_margin=\u00a0\u00bb||10px|\u00a0\u00bb custom_padding=\u00a0\u00bb||0px|\u00a0\u00bb] Le Sheraton Hotel offre aux occupants des bureaux des services incomparables !Ils sont assur\u00e9s de recevoir un accueil de [&hellip;]<\/p>\n","protected":false},"author":1,"featured_media":0,"parent":0,"menu_order":0,"comment_status":"closed","ping_status":"closed","template":"","meta":{"_et_pb_use_builder":"on","_et_pb_old_content":""},"yoast_head":"<!-- This site is optimized with the Yoast SEO plugin v21.1 - https:\/\/yoast.com\/wordpress\/plugins\/seo\/ -->\n<title>Sheraton - Air Promenade<\/title>\n<meta name=\"description\" content=\"Le Sheraton Hotel de Nice propose un centre de conf\u00e9rence avec 7 salles de r\u00e9union ainsi qu&#039;une une salle de r\u00e9ception de 320 places.\" \/>\n<meta name=\"robots\" content=\"index, follow, max-snippet:-1, max-image-preview:large, max-video-preview:-1\" \/>\n<link rel=\"canonical\" href=\"https:\/\/www.airpromenade.com\/site\/services-sheraton\/\" \/>\n<meta property=\"og:locale\" content=\"fr_FR\" \/>\n<meta property=\"og:type\" content=\"article\" \/>\n<meta property=\"og:title\" content=\"Sheraton - Air Promenade\" \/>\n<meta property=\"og:description\" content=\"Le Sheraton Hotel de Nice propose un centre de conf\u00e9rence avec 7 salles de r\u00e9union ainsi qu&#039;une une salle de r\u00e9ception de 320 places.\" \/>\n<meta property=\"og:url\" content=\"https:\/\/www.airpromenade.com\/site\/services-sheraton\/\" \/>\n<meta property=\"og:site_name\" content=\"Air Promenade\" \/>\n<meta property=\"article:modified_time\" content=\"2022-03-08T07:22:29+00:00\" \/>\n<meta property=\"og:image\" content=\"https:\/\/www.airpromenade.com\/site\/wp-content\/uploads\/2019\/04\/logo-sheraton-300x250.png\" \/>\n<meta name=\"twitter:card\" content=\"summary_large_image\" \/>\n<meta name=\"twitter:label1\" content=\"Dur\u00e9e de lecture estim\u00e9e\" \/>\n\t<meta name=\"twitter:data1\" content=\"3 minutes\" \/>\n<script type=\"application\/ld+json\" class=\"yoast-schema-graph\">{\"@context\":\"https:\/\/schema.org\",\"@graph\":[{\"@type\":\"WebPage\",\"@id\":\"https:\/\/www.airpromenade.com\/site\/services-sheraton\/\",\"url\":\"https:\/\/www.airpromenade.com\/site\/services-sheraton\/\",\"name\":\"Sheraton - Air Promenade\",\"isPartOf\":{\"@id\":\"https:\/\/www.airpromenade.com\/site\/#website\"},\"datePublished\":\"2019-04-22T17:33:59+00:00\",\"dateModified\":\"2022-03-08T07:22:29+00:00\",\"description\":\"Le Sheraton Hotel de Nice propose un centre de conf\u00e9rence avec 7 salles de r\u00e9union ainsi qu'une une salle de r\u00e9ception de 320 places.\",\"breadcrumb\":{\"@id\":\"https:\/\/www.airpromenade.com\/site\/services-sheraton\/#breadcrumb\"},\"inLanguage\":\"fr-FR\",\"potentialAction\":[{\"@type\":\"ReadAction\",\"target\":[\"https:\/\/www.airpromenade.com\/site\/services-sheraton\/\"]}]},{\"@type\":\"BreadcrumbList\",\"@id\":\"https:\/\/www.airpromenade.com\/site\/services-sheraton\/#breadcrumb\",\"itemListElement\":[{\"@type\":\"ListItem\",\"position\":1,\"name\":\"Accueil\",\"item\":\"https:\/\/www.airpromenade.com\/site\/\"},{\"@type\":\"ListItem\",\"position\":2,\"name\":\"Sheraton\"}]},{\"@type\":\"WebSite\",\"@id\":\"https:\/\/www.airpromenade.com\/site\/#website\",\"url\":\"https:\/\/www.airpromenade.com\/site\/\",\"name\":\"Air Promenade\",\"description\":\"\",\"potentialAction\":[{\"@type\":\"SearchAction\",\"target\":{\"@type\":\"EntryPoint\",\"urlTemplate\":\"https:\/\/www.airpromenade.com\/site\/?s={search_term_string}\"},\"query-input\":\"required name=search_term_string\"}],\"inLanguage\":\"fr-FR\"}]}<\/script>\n<!-- \/ Yoast SEO plugin. -->","yoast_head_json":{"title":"Sheraton - Air Promenade","description":"Le Sheraton Hotel de Nice propose un centre de conf\u00e9rence avec 7 salles de r\u00e9union ainsi qu'une une salle de r\u00e9ception de 320 places.","robots":{"index":"index","follow":"follow","max-snippet":"max-snippet:-1","max-image-preview":"max-image-preview:large","max-video-preview":"max-video-preview:-1"},"canonical":"https:\/\/www.airpromenade.com\/site\/services-sheraton\/","og_locale":"fr_FR","og_type":"article","og_title":"Sheraton - Air Promenade","og_description":"Le Sheraton Hotel de Nice propose un centre de conf\u00e9rence avec 7 salles de r\u00e9union ainsi qu'une une salle de r\u00e9ception de 320 places.","og_url":"https:\/\/www.airpromenade.com\/site\/services-sheraton\/","og_site_name":"Air Promenade","article_modified_time":"2022-03-08T07:22:29+00:00","og_image":[{"url":"https:\/\/www.airpromenade.com\/site\/wp-content\/uploads\/2019\/04\/logo-sheraton-300x250.png"}],"twitter_card":"summary_large_image","twitter_misc":{"Dur\u00e9e de lecture estim\u00e9e":"3 minutes"},"schema":{"@context":"https:\/\/schema.org","@graph":[{"@type":"WebPage","@id":"https:\/\/www.airpromenade.com\/site\/services-sheraton\/","url":"https:\/\/www.airpromenade.com\/site\/services-sheraton\/","name":"Sheraton - Air Promenade","isPartOf":{"@id":"https:\/\/www.airpromenade.com\/site\/#website"},"datePublished":"2019-04-22T17:33:59+00:00","dateModified":"2022-03-08T07:22:29+00:00","description":"Le Sheraton Hotel de Nice propose un centre de conf\u00e9rence avec 7 salles de r\u00e9union ainsi qu'une une salle de r\u00e9ception de 320 places.","breadcrumb":{"@id":"https:\/\/www.airpromenade.com\/site\/services-sheraton\/#breadcrumb"},"inLanguage":"fr-FR","potentialAction":[{"@type":"ReadAction","target":["https:\/\/www.airpromenade.com\/site\/services-sheraton\/"]}]},{"@type":"BreadcrumbList","@id":"https:\/\/www.airpromenade.com\/site\/services-sheraton\/#breadcrumb","itemListElement":[{"@type":"ListItem","position":1,"name":"Accueil","item":"https:\/\/www.airpromenade.com\/site\/"},{"@type":"ListItem","position":2,"name":"Sheraton"}]},{"@type":"WebSite","@id":"https:\/\/www.airpromenade.com\/site\/#website","url":"https:\/\/www.airpromenade.com\/site\/","name":"Air Promenade","description":"","potentialAction":[{"@type":"SearchAction","target":{"@type":"EntryPoint","urlTemplate":"https:\/\/www.airpromenade.com\/site\/?s={search_term_string}"},"query-input":"required name=search_term_string"}],"inLanguage":"fr-FR"}]}},"_links":{"self":[{"href":"https:\/\/www.airpromenade.com\/site\/wp-json\/wp\/v2\/pages\/174"}],"collection":[{"href":"https:\/\/www.airpromenade.com\/site\/wp-json\/wp\/v2\/pages"}],"about":[{"href":"https:\/\/www.airpromenade.com\/site\/wp-json\/wp\/v2\/types\/page"}],"author":[{"embeddable":true,"href":"https:\/\/www.airpromenade.com\/site\/wp-json\/wp\/v2\/users\/1"}],"replies":[{"embeddable":true,"href":"https:\/\/www.airpromenade.com\/site\/wp-json\/wp\/v2\/comments?post=174"}],"version-history":[{"count":20,"href":"https:\/\/www.airpromenade.com\/site\/wp-json\/wp\/v2\/pages\/174\/revisions"}],"predecessor-version":[{"id":786,"href":"https:\/\/www.airpromenade.com\/site\/wp-json\/wp\/v2\/pages\/174\/revisions\/786"}],"wp:attachment":[{"href":"https:\/\/www.airpromenade.com\/site\/wp-json\/wp\/v2\/media?parent=174"}],"curies":[{"name":"wp","href":"https:\/\/api.w.org\/{rel}","templated":true}]}}